{"id":252,"date":"2021-03-10T09:20:50","date_gmt":"2021-03-10T17:20:50","guid":{"rendered":"https:\/\/www.comoxvalleyschools.ca\/ecole-robb-road-elementary\/?page_id=252"},"modified":"2024-08-29T10:17:10","modified_gmt":"2024-08-29T17:17:10","slug":"principals-message","status":"publish","type":"page","link":"https:\/\/www.comoxvalleyschools.ca\/ecole-robb-road-elementary\/principals-message\/","title":{"rendered":"Principal&#8217;s Message"},"content":{"rendered":"\n<style type=\"text\/css\" data-created_by=\"avia_inline_auto\" id=\"style-css-av-9l7nw-4bb19011e483cc591da4e3dec43a271f\">\n.flex_column.av-9l7nw-4bb19011e483cc591da4e3dec43a271f{\nborder-radius:0px 0px 0px 0px;\npadding:0px 0px 0px 0px;\n}\n<\/style>\n<div  class='flex_column av-9l7nw-4bb19011e483cc591da4e3dec43a271f av_one_full  avia-builder-el-0  avia-builder-el-no-sibling  first flex_column_div av-zero-column-padding av-column-min-height-pc  '  data-av-column-min-height=\"{&quot;column-min-pc&quot;:&quot;48%&quot;,&quot;column-equal-height&quot;:false}\"   ><section  class='av_textblock_section av-km3pdjck-257520e7f55b8003a259755ebed5c232 '   itemscope=\"itemscope\" itemtype=\"https:\/\/schema.org\/CreativeWork\" ><div class='avia_textblock'  itemprop=\"text\" ><p>Welcome to \u00c9cole Robb Road Elementary for another exciting year full of rich learning experiences. We look forward to reconnecting with students, staff, and families and continuing to be a part of such a vibrant school community!<\/p>\n<p>Bienvenue \u00e0 l\u2019\u00e9cole Robb Road pour une autre ann\u00e9e scolaire remplie d\u2019aventures et d&#8217;apprentissage. Nous avons bien h\u00e2te de revoir les \u00e9l\u00e8ves, le personnel, les parents et la communaut\u00e9 et de continuer \u00e0 contribuer au cachet sp\u00e9cial de cette merveilleuse \u00e9cole.<\/p>\n<p>St\u00e9phane LeBlanc, Directeur\/Principal<\/p>\n<\/div><\/section><\/div>\n","protected":false},"excerpt":{"rendered":"","protected":false},"author":9,"featured_media":0,"parent":0,"menu_order":0,"comment_status":"closed","ping_status":"closed","template":"","meta":{"_monsterinsights_skip_tracking":false,"_monsterinsights_sitenote_active":false,"_monsterinsights_sitenote_note":"","_monsterinsights_sitenote_category":0,"footnotes":""},"tags":[],"class_list":["post-252","page","type-page","status-publish","hentry"],"publishpress_future_action":{"enabled":false,"date":"2026-04-29 03:14:53","action":"change-status","newStatus":"draft","terms":[],"taxonomy":"post_tag","extraData":[]},"publishpress_future_workflow_manual_trigger":{"enabledWorkflows":[]},"_links":{"self":[{"href":"https:\/\/www.comoxvalleyschools.ca\/ecole-robb-road-elementary\/wp-json\/wp\/v2\/pages\/252","targetHints":{"allow":["GET"]}}],"collection":[{"href":"https:\/\/www.comoxvalleyschools.ca\/ecole-robb-road-elementary\/wp-json\/wp\/v2\/pages"}],"about":[{"href":"https:\/\/www.comoxvalleyschools.ca\/ecole-robb-road-elementary\/wp-json\/wp\/v2\/types\/page"}],"author":[{"embeddable":true,"href":"https:\/\/www.comoxvalleyschools.ca\/ecole-robb-road-elementary\/wp-json\/wp\/v2\/users\/9"}],"replies":[{"embeddable":true,"href":"https:\/\/www.comoxvalleyschools.ca\/ecole-robb-road-elementary\/wp-json\/wp\/v2\/comments?post=252"}],"version-history":[{"count":20,"href":"https:\/\/www.comoxvalleyschools.ca\/ecole-robb-road-elementary\/wp-json\/wp\/v2\/pages\/252\/revisions"}],"predecessor-version":[{"id":705,"href":"https:\/\/www.comoxvalleyschools.ca\/ecole-robb-road-elementary\/wp-json\/wp\/v2\/pages\/252\/revisions\/705"}],"wp:attachment":[{"href":"https:\/\/www.comoxvalleyschools.ca\/ecole-robb-road-elementary\/wp-json\/wp\/v2\/media?parent=252"}],"wp:term":[{"taxonomy":"post_tag","embeddable":true,"href":"https:\/\/www.comoxvalleyschools.ca\/ecole-robb-road-elementary\/wp-json\/wp\/v2\/tags?post=252"}],"curies":[{"name":"wp","href":"https:\/\/api.w.org\/{rel}","templated":true}]}}