{"id":5940,"date":"2025-12-02T12:08:50","date_gmt":"2025-12-02T20:08:50","guid":{"rendered":"https:\/\/www.comoxvalleyschools.ca\/indigenous-education\/?page_id=5940"},"modified":"2025-12-02T14:25:36","modified_gmt":"2025-12-02T22:25:36","slug":"meet-shannon-campbell","status":"publish","type":"page","link":"https:\/\/www.comoxvalleyschools.ca\/indigenous-education\/meet-our-staff\/meet-shannon-campbell\/","title":{"rendered":"Meet Shannon Campbell"},"content":{"rendered":"<div  class='flex_column av-79uwro-fe8bfa157f22a047eac9aa18576cd118 av_one_third  avia-builder-el-0  el_before_av_two_third  avia-builder-el-first  first flex_column_div  '     ><style type=\"text\/css\" data-created_by=\"avia_inline_auto\" id=\"style-css-av-5xcq44-d3c1497b16b669318ac7cfe329f6651c\">\n.avia-image-container.av-5xcq44-d3c1497b16b669318ac7cfe329f6651c img.avia_image{\nbox-shadow:none;\n}\n.avia-image-container.av-5xcq44-d3c1497b16b669318ac7cfe329f6651c .av-image-caption-overlay-center{\ncolor:#ffffff;\n}\n<\/style>\n<div  class='avia-image-container av-5xcq44-d3c1497b16b669318ac7cfe329f6651c av-styling- avia-align-center  avia-builder-el-1  avia-builder-el-no-sibling '   itemprop=\"image\" itemscope=\"itemscope\" itemtype=\"https:\/\/schema.org\/ImageObject\" ><div class=\"avia-image-container-inner\"><div class=\"avia-image-overlay-wrap\"><img decoding=\"async\" fetchpriority=\"high\" class='wp-image-5453 avia-img-lazy-loading-not-5453 avia_image ' src=\"https:\/\/www.comoxvalleyschools.ca\/indigenous-education\/wp-content\/uploads\/sites\/25\/2025\/02\/winter-300x225.jpg\" alt='' title='winter'  height=\"225\" width=\"300\"  itemprop=\"thumbnailUrl\" srcset=\"https:\/\/www.comoxvalleyschools.ca\/indigenous-education\/wp-content\/uploads\/sites\/25\/2025\/02\/winter-300x225.jpg 300w, https:\/\/www.comoxvalleyschools.ca\/indigenous-education\/wp-content\/uploads\/sites\/25\/2025\/02\/winter-1030x773.jpg 1030w, https:\/\/www.comoxvalleyschools.ca\/indigenous-education\/wp-content\/uploads\/sites\/25\/2025\/02\/winter-768x576.jpg 768w, https:\/\/www.comoxvalleyschools.ca\/indigenous-education\/wp-content\/uploads\/sites\/25\/2025\/02\/winter-1536x1152.jpg 1536w, https:\/\/www.comoxvalleyschools.ca\/indigenous-education\/wp-content\/uploads\/sites\/25\/2025\/02\/winter-2048x1536.jpg 2048w, https:\/\/www.comoxvalleyschools.ca\/indigenous-education\/wp-content\/uploads\/sites\/25\/2025\/02\/winter-1500x1125.jpg 1500w, https:\/\/www.comoxvalleyschools.ca\/indigenous-education\/wp-content\/uploads\/sites\/25\/2025\/02\/winter-705x529.jpg 705w\" sizes=\"(max-width: 300px) 100vw, 300px\" \/><\/div><\/div><\/div><\/div>\n<div  class='flex_column av-3jyitg-7dc9ae7bfd938e99ea6724cb93b8e8b1 av_two_third  avia-builder-el-2  el_after_av_one_third  avia-builder-el-last  flex_column_div  '     ><section  class='av_textblock_section av-9zhas-f561e1de4a02935d55c2d8e484bd43bb '   itemscope=\"itemscope\" itemtype=\"https:\/\/schema.org\/CreativeWork\" ><div class='avia_textblock'  itemprop=\"text\" ><p>\u00c9y sw\u00e1yel mekw\u2019at. Tstats\u00f3matiya tel skw\u00edx. \u201cShannon\u201d tel skw\u00edx \u00ed te xwel\u00edtemqel. Te l\u00edtsel kw\u2019e Sqw\u00e1. Tsats\u00f3mate te skw\u00edxs thel t\u00e1:l. Tsuls\u00edmat te skw\u00edxs tel m\u00e1:l. Li te Pentlatch qas te Eiksan, qas te Sahtloot, qas te Sasitla temexw kw\u2019els st\u00e1.<\/p>\n<p>Hello, everyone. My ancestral name is Tsatsomatiya and my English name is Shannon. I am from Sqw\u00e1, a St\u00f3:lo-Pelh\u00f3lxw nation located in the city known today as Chilliwack. My late mother is Tsats\u00f3mate, Rosie Williams, and she is from Sqw\u00e1, Leq\u2019\u00e1:mel, Sem\u00e1:th and Nuxwsa7aq. My father is c\u0313\u0259lsim\u0259t, Allan Campbell, and he is from x\u02b7m\u0259\u03b8k\u02b7\u0259y\u0313\u0259m, Sk\u0332wx\u0332w\u00fa7mesh and Q\u2019uwutsun. I live on the unceded territory of the K\u2019omoks First Nation, where the Pentlatch, Eiksan, Sahtloot, and Sasitla peoples have been stewards of the land since immemorial. I am so grateful to live on this land as a guest, and to be able to raise my two children here. I have enjoyed connecting with the land, river and sea in this territory with my family since 2015.<\/p>\n<p>I began my career in education as an Indigenous Support Worker in 2016. Later, I earned my Bachelor of Education Degree and am now completing a Post-Graduate Certificate in Reading and Literacy. Rooted in strong cultural traditions, I am passionate about creating culturally safe spaces where Indigenous students feel a strong sense of belonging and develop a love of learning.<\/p>\n<p>Guided by Indigenous pedagogies such as experiential, relational, intergenerational, and place-based learning, I strive to provide culturally responsive practice that reflects students in their learning environment. I currently serve on the District Literacy Team and in Indigenous Education as the Indigenous Early Learning Teacher.<\/p>\n<p>Kw&#8217;\u00e1s h\u00f3:y,<\/p>\n<p>Shannon Campbell<\/p>\n<\/div><\/section><\/div>\n","protected":false},"excerpt":{"rendered":"","protected":false},"author":32,"featured_media":0,"parent":695,"menu_order":0,"comment_status":"closed","ping_status":"closed","template":"","meta":{"_monsterinsights_skip_tracking":false,"_monsterinsights_sitenote_active":false,"_monsterinsights_sitenote_note":"","_monsterinsights_sitenote_category":0,"footnotes":""},"tags":[],"class_list":["post-5940","page","type-page","status-publish","hentry"],"publishpress_future_action":{"enabled":false,"date":"2026-04-23 17:28:00","action":"change-status","newStatus":"draft","terms":[],"taxonomy":"post_tag","extraData":[]},"publishpress_future_workflow_manual_trigger":{"enabledWorkflows":[]},"_links":{"self":[{"href":"https:\/\/www.comoxvalleyschools.ca\/indigenous-education\/wp-json\/wp\/v2\/pages\/5940","targetHints":{"allow":["GET"]}}],"collection":[{"href":"https:\/\/www.comoxvalleyschools.ca\/indigenous-education\/wp-json\/wp\/v2\/pages"}],"about":[{"href":"https:\/\/www.comoxvalleyschools.ca\/indigenous-education\/wp-json\/wp\/v2\/types\/page"}],"author":[{"embeddable":true,"href":"https:\/\/www.comoxvalleyschools.ca\/indigenous-education\/wp-json\/wp\/v2\/users\/32"}],"replies":[{"embeddable":true,"href":"https:\/\/www.comoxvalleyschools.ca\/indigenous-education\/wp-json\/wp\/v2\/comments?post=5940"}],"version-history":[{"count":4,"href":"https:\/\/www.comoxvalleyschools.ca\/indigenous-education\/wp-json\/wp\/v2\/pages\/5940\/revisions"}],"predecessor-version":[{"id":5956,"href":"https:\/\/www.comoxvalleyschools.ca\/indigenous-education\/wp-json\/wp\/v2\/pages\/5940\/revisions\/5956"}],"up":[{"embeddable":true,"href":"https:\/\/www.comoxvalleyschools.ca\/indigenous-education\/wp-json\/wp\/v2\/pages\/695"}],"wp:attachment":[{"href":"https:\/\/www.comoxvalleyschools.ca\/indigenous-education\/wp-json\/wp\/v2\/media?parent=5940"}],"wp:term":[{"taxonomy":"post_tag","embeddable":true,"href":"https:\/\/www.comoxvalleyschools.ca\/indigenous-education\/wp-json\/wp\/v2\/tags?post=5940"}],"curies":[{"name":"wp","href":"https:\/\/api.w.org\/{rel}","templated":true}]}}